1. Is u(-21) a prime number?
True
Let c = 69 + -92. Let h = c + 110. Is h prime?
False
Let s(z) = z**3 - 10*z**2 + 11*z - 11. Let c be s(9). Suppose u - 1288 = -c*u. Is u a composite number?
True
Let z = 832 + -463. Let s = z - -58. Is s a composite number?
True
Let i be (-33)/6*-2*1. Let g(o) = -o + 154. Is g(i) a composite number?
True
Suppose 4*k - 3*f - 473518 = 369715, 11*f = 3*k - 632486. Is k a composite number?
False
Suppose 10*x = 7*x - 15. Let t(o) = -105*o + 20. Let r(b) = 211*b - 41. Let m(f) = x*t(f) - 2*r(f). Is m(4) a composite number?
True
Suppose 58*n - 62*n + 1280702 = -2*p, -3*n + 960509 = -4*p. Is n prime?
True
Suppose 0 = 3*u - 5*l - 1769 - 969, -4*u + 3694 = 2*l. Is u a composite number?
True
Let m(t) = -314*t**3 - 13*t**2 - 85*t + 9. Is m(-5) a prime number?
True
Let s(g) = g**2 + 5*g - 9. Let z be s(2). Suppose -d = -5*t - 15, 2*t = 1 - z. Suppose 5*c = -d*u + 3*c + 8979, -c + 5388 = 3*u. Is u a prime number?
False
Suppose -3 - 11 = -2*s. Let z(n) = -2*n + 14. Let t be z(s). Suppose 4 = -v - 2*c + 17, t = 3*v + 2*c - 35. Is v composite?
False
Let n be (-2466)/3*(-7)/(84/(-68)). Let a = 313 - n. Is a a composite number?
True
Let b(d) = -3992*d - 120. Let f be b(-4). Suppose 0 = q + 3*l - 40653 + f, 0 = -5*q - l + 123969. Is q a prime number?
True
Suppose -16 = 4*v, -51*a = -56*a - 4*v + 9314. Suppose 7*c - a = 801. Is c a prime number?
False
Suppose 0 = 8*j + 9*j - 2567. Suppose j*y + 23992 = 159*y. Is y a composite number?
False
Suppose -5*f + 98 = -42. Suppose 4*v - f = -4*a, -v - 15 = -3*a + 2*v. Suppose 0 = 7*y - a*y - 34. Is y prime?
False
Suppose 0 = 2*t + u - 39319, 70*t + u + 39325 = 72*t. Is t prime?
True
Let g = -1022840 + 2502613. Is g composite?
False
Let c(s) = 3*s**3 - 14*s**2 + 10*s + 5. Let w be c(10). Let a = w - 1186. Is a composite?
True
Let m be ((-16)/(-20))/(1 + 57/(-60)). Let a(l) = 59*l - 51. Is a(m) a composite number?
True
Let q = 452 + -393. Suppose -77482 = 21*l - q*l. Is l composite?
False
Let p(h) = -4*h**3 - 22*h**2 - 9*h + 6. Let l be p(-5). Is 31 + -33 - (-1 + l) - -2397 composite?
True
Let s be ((-5)/(2 - -3))/((-2)/(-22)). Let a(i) = i**3 + 11*i**2 - 3*i - 15. Let b be a(s). Is b/(-72) + 0 + (-6010)/(-8) prime?
True
Suppose -4*m + 4*o - 56821 = -o, 4*o - 28406 = 2*m. Let g = m + 20766. Is g a prime number?
False
Suppose 1629 = 12*k + 10905. Let x = -354 - k. Is x a prime number?
True
Let m = 30158 - 21067. Is m prime?
True
Let u = -171453 - -543812. Is u a prime number?
False
Suppose -4*d + i = -7*d + 17, -i - 1 = 0. Suppose -4*y + 13 = -3*y - 4*o, 0 = -3*o - d. Suppose -3*b = -3*p + y*p - 382, b - 191 = -p. Is p composite?
False
Let l be -1*21/(-6)*128/112. Suppose 5*k + l*p = 18359, 2*k - 9*p - 7344 = -11*p. Is k a prime number?
True
Let h(g) = -16594*g + 40. Let j be h(-4). Suppose 0 = -5*l - 2*y + 110745, 2*y = 3*l - 3*y - j. Is l a prime number?
True
Suppose -5*j - 4*f - 147938 = -7*j, -j - 4*f = -73981. Is j a composite number?
False
Suppose -452*z + 196535 = -450*z + 3*l, 0 = 2*l + 2. Is z composite?
False
Let m = -1550051 - -4396294. Is m a prime number?
True
Let o = -5912 - -17887. Suppose 0 = 9*h + o - 50414. Is h prime?
True
Let j = 867 - 669. Suppose -2*c + 11 = -27. Let z = j - c. Is z prime?
True
Let b(i) = 927*i + 1. Suppose 2*g - 1 = -7. Let a be b(g). Let j = -735 - a. Is j composite?
True
Let o = -25 + 15. Let a be (-57)/9 + o/(-30). Is 2/a - 10060/(-3) a prime number?
False
Let z = -127775 + 402862. Is z a prime number?
True
Let i be 4990/125 - (-6)/75. Suppose -i*t + 132923 + 209517 = 0. Is t a composite number?
True
Let u be ((-4)/(-6))/(-5 + (-34338)/(-6867)). Suppose -u = -5*y - 371. Suppose -3*x = -6*x + y. Is x a prime number?
False
Let f = 22 + -19. Suppose f*u - 1099 - 2057 = 0. Suppose 35*i = 39*i - u. Is i composite?
False
Suppose -o + 2843 = 4*w, -5*o - 21*w + 17*w = -14263. Suppose y - 4*y = a - o, 0 = -y - 2. Is a composite?
False
Let p = -10805 + 22098. Is p prime?
False
Suppose 3*r + 7*r = 5340. Suppose 9*o - 879 - r = 0. Is o a prime number?
True
Let q be 2 + (-21)/6 - (-434)/28. Suppose -1205 = -q*h + 19*h. Let z = 1496 + h. Is z prime?
False
Let y = -34169 - -84022. Is y a composite number?
False
Let x be (1 - -1) + (2 - 10). Let y(w) = -769*w - 43. Is y(x) a prime number?
False
Let u(p) = -3*p**3 - 29*p**2 - 83*p - 29. Suppose b - 40 = 4*b + 4*g, 10 = -b - 3*g. Is u(b) composite?
False
Suppose -101 = -13*a - 101. Suppose a*z = -33*z + 260601. Is z a composite number?
True
Let s be (3 + -135173)*2/(-10)*6. Suppose 153*b - s = 141*b. Is b a composite number?
True
Let j = -6808 + -306. Is j*(-7)/(-14)*-1 prime?
True
Let v(r) = -r**3 + 25*r**2 - 59*r - 68. Let b be v(-24). Suppose -3*n = -b + 5593. Is n a composite number?
False
Suppose 2*u + 33 = -u. Let r(t) = t**3 + 15*t**2 - 16*t - 13. Let i be r(u). Let a = i - 180. Is a a prime number?
True
Let c be 174/54 + 2/(-9). Let j = 5 - c. Is j + -3*(-4 - -3) + 764 a prime number?
True
Let x be (-56 - 0)*(-3)/(-4). Let t be 2103/9 - (-1 - 40/(-24)). Let m = x + t. Is m a composite number?
False
Let o = 16 - 13. Is o*(-1151)/3*-1 a composite number?
False
Let b = 62049 - 27902. Suppose -3*z = -2*f - 34159, -3*z - 38*f + b = -43*f. Is z prime?
False
Let q(n) = -4*n - 17. Let b be q(-5). Suppose 4*s - 3*l - 5050 = 0, s + s - b*l - 2528 = 0. Is s a composite number?
True
Suppose -1 - 5 = -3*a. Let b = 68 - 68. Suppose b = a*s - 604 + 22. Is s composite?
True
Suppose v - h + 13 = -2*h, 0 = -4*v - 2*h - 46. Let o(g) = -132*g - 22. Let s be o(v). Suppose 0 = -3*l + 244 + s. Is l a prime number?
False
Let b be ((-9)/(-6))/(30/(-40))*-2. Suppose -1551 = -b*q + 1573. Is q a prime number?
False
Suppose -5*u - x - 26944 = -10*u, -3*u + 2*x = -16172. Let f = u - 1561. Is f composite?
True
Suppose -5*i + p + 18 = 0, -p = -i + 3*i - 3. Suppose i*u - h = 5848, -2*u - 2*h + 1004 = -2892. Is u composite?
False
Let n = 224 + -222. Let m(j) = -38*j + 3. Let g be m(-5). Suppose -g + n = -q. Is q prime?
True
Is 324873*833/2295 + ((-17)/(-15) - 1) prime?
True
Suppose -13*q - 13*q = -5*q - 1837941. Is q composite?
True
Suppose 14*g = -2*w + 9*g - 1, 5*w - 15 = 5*g. Let p(i) be the first derivative of 259*i**3/3 + i**2/2 - i - 1. Is p(w) prime?
False
Let m(y) = -6*y**2 + 23*y - 25 - 26*y + 2*y**2 - 25*y**3 + 22. Is m(-2) a composite number?
True
Suppose 4 = 2*a + 6, -4*a + 2 = 3*q. Suppose -3*b + 2*v = -12753, 6*b = q*b + 5*v + 17011. Is b prime?
False
Suppose 0*m = -6*m. Suppose -2*w - 14372 = v - m*w, -4*w + 71790 = -5*v. Is v/(-8) - (-8)/(-32) a prime number?
False
Let c = 246180 + -100531. Is c prime?
False
Let v(h) = 605*h**2 - 22*h - 116. Is v(-7) a prime number?
True
Let l = 3266 + -1676. Let f be 41930/50 - (-96)/(-60). Let w = l - f. Is w a prime number?
False
Let n be -2 + 2 + (-35630)/(-2). Suppose -6*t = -11*t + n. Is t a composite number?
True
Is 276229 - 0*(-14)/210 composite?
False
Suppose g = 6*g - 170. Let r be (-9)/6 - (g/(-4) - -4). Suppose 8*i = r*i + 4045. Is i composite?
False
Let n(t) = -44*t**2 - 3*t + 26. Let c be n(8). Let r = 10596 + c. Is 0 + r/3 + -3 a prime number?
True
Let s(v) = 8*v**2 + 26*v - 5. Let q = 0 + 3. Suppose q*j + j = -44. Is s(j) a prime number?
True
Let d be (-63)/(-21) - ((-4 - -2) + 1). Suppose -t = -2*b - 1557, -4*t - d*b + 3818 = -2398. Is t composite?
True
Let x = -41755 - -75966. Is x prime?
True
Let g be 16 + 2/(-2) + -1 + 1. Let y be 1/(-5) - 20517/g. Is 10/25 + y/(-5) prime?
False
Let v = -171 + 174. Suppose -v*x - t = -1036, -1403 = -4*x - 5*t + 8*t. Is x composite?
False
Let s(x) = -9*x**2 + 11*x - 4. Let g be ((-6)/4 + -4)*-2. Let u be s(g). Let n = u + 1735. Is n composite?
True
Suppose 356 = w + a - 538, 4455 = 5*w + 2*a. Suppose -18*p - w = -25*p. Is p composite?
False
Suppose 516283 = 3*j - 4*o, 226*o - 219*o - 56 = 0. Is j a composite number?
True
Let l(b) = 708*b - 1609. Is l(28) a composite number?
True
Let v = -13 - -38. Suppose -15*a + v = -10*a. Suppose 7702 - 297 = a*p. Is p composite?
False
Suppose -231*z - 5856147 = -330*z. Is z a composite number?
True
Is ((-2)/20 - (-81)/135)*2*3709 a composite number?
False
Let p(u) = 513*u + 5. Let c(v) = v**3 + v - 4. Let t be c(2). Let m be p(t). Suppose -99 = 8*s - m. Is s a composite number?
False
Suppose -1307 = -